 by 90?
69
Calculate the remainder when 3409 is divided by 16.
1
Calculate the remainder when 2078 is divided by 70.
48
What is the remainder when 19393 is divided by 590?
513
What is the remainder when 1011788 is divided by 9?
8
What is the remainder when 103823 is divided by 63?
62
Calculate the remainder when 1100607 is divided by 67.
65
Calculate the remainder when 106052 is divided by 18.
14
What is the remainder when 2115276 is divided by 10?
6
Calculate the remainder when 40429 is divided by 109.
99
Calculate the remainder when 15251 is divided by 122.
1
Calculate the remainder when 17739 is divided by 8869.
1
Calculate the remainder when 538 is divided by 244.
50
What is the remainder when 221148 is divided by 26?
18
Calculate the remainder when 234136 is divided by 54.
46
What is the remainder when 35634 is divided by 134?
124
What is the remainder when 36359 is divided by 35?
29
Calculate the remainder when 26539 is divided by 26538.
1
Calculate the remainder when 13250098 is divided by 348.
346
Calculate the remainder when 69109 is divided by 17274.
13
Calculate the remainder when 61732 is divided by 6850.
82
Calculate the remainder when 254820 is divided by 143.
137
Calculate the remainder when 1596460 is divided by 11.
8
Calculate the remainder when 10131 is divided by 2528.
19
What is the remainder when 1066 is divided by 1054?
12
What is the remainder when 539 is divided by 71?
42
Calculate the remainder when 31056 is divided by 357.
354
Calculate the remainder when 54041 is divided by 6003.
14
Calculate the remainder when 1223 is divided by 136.
135
What is the remainder when 345924 is divided by 345917?
7
What is the remainder when 153552 is divided by 98?
84
What is the remainder when 57116 is divided by 19032?
20
Calculate the remainder when 4903 is divided by 30.
13
What is the remainder when 7435 is divided by 201?
199
What is the remainder when 7617 is divided by 3222?
1173
What is the remainder when 17151 is divided by 15?
6
Calculate the remainder when 13754 is divided by 513.
416
Calculate the remainder when 87889 is divided by 11.
10
What is the remainder when 3894 is divided by 205?
204
What is the remainder when 103843 is divided by 7?
5
What is the remainder when 108967 is divided by 4953?
1
What is the remainder when 39551 is divided by 6577?
89
Calculate the remainder when 1785146 is divided by 1509.
1508
Calculate the remainder when 1819 is divided by 557.
148
What is the remainder when 44733 is divided by 913?
909
Calculate the remainder when 16317 is divided by 4054.
101
What is the remainder when 26174 is divided by 416?
382
Calculate the remainder when 3067 is divided by 70.
57
Calculate the remainder when 101881 is divided by 241.
179
What is the remainder when 182046 is divided by 57?
45
What is the remainder when 448 is divided by 78?
58
Calculate the remainder when 2200 is divided by 313.
9
What is the remainder when 18503 is divided by 18?
17
Calculate the remainder when 88199 is divided by 42.
41
Calculate the remainder when 1103482 is divided by 1206.
1198
Calculate the remainder when 3839 is divided by 140.
59
Calculate the remainder when 6036 is divided by 66.
30
Calculate the remainder when 68113 is divided by 65.
58
What is the remainder when 39931 is divided by 4436?
7
Calculate the remainder when 71744 is divided by 47.
22
What is the remainder when 4705 is divided by 2349?
7
Calculate the remainder when 751 is divided by 53.
9
What is the remainder when 3270 is divided by 359?
39
Calculate the remainder when 2222 is divided by 1081.
60
Calculate the remainder when 53112 is divided by 7587.
3
What is the remainder when 4182 is divided by 65?
22
Calculate the remainder when 24496 is divided by 8029.
409
Calculate the remainder when 173 is divided by 24.
5
What is the remainder when 542869 is divided by 17?
8
Calculate the remainder when 26594 is divided by 647.
67
Calculate the remainder when 2144 is divided by 287.
135
What is the remainder when 9239 is divided by 662?
633
Calculate the remainder when 88140 is divided by 383.
50
What is the remainder when 31537 is divided by 202?
25
Calculate the remainder when 10623 is divided by 66.
63
Calculate the remainder when 16941 is divided by 99.
12
Calculate the remainder when 575 is divided by 37.
20
Calculate the remainder when 1135 is divided by 151.
78
What is the remainder when 893093 is divided by 45?
23
What is the remainder when 95568 is divided by 44?
0
What is the remainder when 43272 is divided by 193?
40
Calculate the remainder when 8456 is divided by 140.
56
What is the remainder when 742 is divided by 32?
6
What is the remainder when 18801 is divided by 17?
16
Calculate the remainder when 24402 is divided by 8.
2
What is the remainder when 83480 is divided by 94?
8
Calculate the remainder when 25497 is divided by 8446.
159
Calculate the remainder when 436741 is divided by 33595.
6
What is the remainder when 188431 is divided by 29?
18
What is the remainder when 56783 is divided by 18?
11
What is the remainder when 273844 is divided by 715?
714
What is the remainder when 1597 is divided by 401?
394
What is the remainder when 39386 is divided by 875?
11
What is the remainder when 1378 is divided by 73?
64
What is the remainder when 411 is divided by 395?
16
What is the remainder when 1293899 is divided by 190?
189
What is the remainder when 6922 is divided by 87?
49
Calculate the remainder when 14031 is divided by 4552.
375
What is the remainder when 20300 is divided by 5074?
4
What is the remainder when 10304 is divided by 10?
4
Calculate the remainder when 1510 is divided by 1412.
98
What is the remainder when 617 is divided by 59?
27
Calculate the remainder when 17934 is divided by 130.
124
Calculate the remainder when 7531 is divided by 123.
28
Calculate the remainder when 898 is divided by 428.
42
What is the remainder when 1482772 is divided by 1145?
1142
What is the remainder when 114623 is divided by 40?
23
What is the remainder when 36603 is divided by 39?
21
What is the remainder when 31298 is divided by 568?
58
What is the remainder when 249896 is divided by 525?
521
Calculate the remainder when 2152 is divided by 423.
37
What is the remainder when 12872 is divided by 1838?
6
Calculate the remainder when 34455 is divided by 1125.
705
What is the remainder when 46214 is divided by 157?
56
Calculate the remainder when 79947 is divided by 13323.
9
Calculate the remainder when 270718 is divided by 114.
82
What is the remainder when 10991 is divided by 845?
6
Calculate the remainder when 1714 is divided by 1512.
202
Calculate the remainder when 840 is divided by 835.
5
Calculate the remainder when 78175 is divided by 52.
19
What is the remainder when 25127 is divided by 36?
35
What is the remainder when 3337 is divided by 693?
565
Calculate the remainder when 4687 is divided by 1648.
1391
What is the remainder when 7001121 is divided by 12?
9
Calculate the remainder when 37838 is divided by 4171.
299
Calculate the remainder when 1705391 is divided by 284230.
11
What is the remainder when 195644 is divided by 57?
20
What is the remainder when 44883 is divided by 14960?
3
What is the remainder when 6778 is divided by 284?
246
What is the remainder when 1870 is divided by 128?
78
Calculate the remainder when 30603 is divided by 148.
115
What is the remainder when 2285 is divided by 1133?
19
Calculate the remainder when 7303 is divided by 520.
23
What is the remainder when 65164 is divided by 84?
64
What is the remainder when 109189 is divided by 179?
178
Calculate the remainder when 359466 is divided by 17.
1
What is the remainder when 1432 is divided by 102?
4
What is the remainder when 2654 is divided by 449?
409
Calculate the remainder when 7233888 is divided by 86.
84
Calculate the remainder when 1290 is divided by 372.
174
What is the remainder when 37920 is divided by 114?
72
Calculate the remainder when 4610 is divided by 105.
95
What is the remainder when 193025 is divided by 1237?
53
What is the remainder when 321729 is divided by 938?
933
What is the remainder when 3175 is divided by 28?
11
Calculate the remainder when 81454 is divided by 16.
14
Calculate the remainder when 916760 is divided by 15.
5
Calculate the remaind